divided by ((-24)/n)/(2/10)?
11
Let q = -90 - -138. Suppose 0*j = j - q. Suppose 5*y + 0*r = 3*r + 23, -4*y - 5*r = -j. Calculate the remainder when 12 is divided by y.
5
Let i(m) = 5*m + 5. Calculate the remainder when 7 is divided by i(0).
2
Let z(d) = d - 2. Suppose 5*h - 5*a + 4*a - 74 = 0, -a - 4 = 0. Calculate the remainder when h is divided by z(7).
4
Calculate the remainder when 12/(-10)*75/(-9) is divided by 3.
1
Let q(y) = -y - 1. Let s = 6 - 10. Let j be q(s). Suppose j*z - 88 = -4*p, 2*p = -p + 3*z + 87. Calculate the remainder when p is divided by 13.
12
Let a = -21 + 13. Let x be (-20)/a*(-4)/(-5). Let s(r) = 2*r**3 - 2*r + 3. What is the remainder when 28 is divided by s(x)?
13
Let j(k) = k**3 - 4*k**2 - 8*k - 3. What is the remainder when j(6) is divided by 187/(-51)*(-1 - 0)*3?
10
Suppose 3*k + 7 = z, -3*z - 3*k = -21 - 0. Let g(t) = -t**3 - 13*t**2 - 24*t - 2. Calculate the remainder when g(-11) is divided by z.
6
Let u = 13 + 13. Calculate the remainder when 103 is divided by u.
25
Let o be (-3)/2 + 9/2. Suppose o*w - 56 + 2 = -5*f, f = -4*w + 55. Let r = 17 - 12. What is the remainder when w is divided by r?
3
Let a = -81 - -194. What is the remainder when a is divided by 29?
26
Let w = -3 - -7. Suppose 3*j - 31 = -w. Let v = j + 5. Calculate the remainder when v is divided by 5.
4
Suppose 0*z - 8 = -z. Suppose -13 = -3*a + 4*s, 5*a - s + 6*s - 10 = 0. Calculate the remainder when 1*-6*z/(-6) is divided by a.
2
Suppose 0 = 2*h - 2*o - 48, -3*h = -0*h + 5*o - 88. Let k = h - 17. What is the remainder when 23 is divided by k?
5
Let x(c) = 2*c**2 - 3*c - 5. Let q be -3*(-6)/9 + 3. Let w be x(q). Suppose -3*o + w = 2*o. Calculate the remainder when 17 is divided by o.
5
Let f(u) = u**2 - 4*u + 11. Suppose -10 - 5 = -b. What is the remainder when f(8) is divided by b?
13
Suppose -3*s = -2*w + 11 + 4, 0 = -2*w - 3*s + 45. Calculate the remainder when w is divided by 10.
5
Suppose 0 = -y + 2*g + 9 - 3, -4*y + 24 = -5*g. Suppose -2*a - 6 - y = 0. What is the remainder when 10 is divided by (2/a + 1)*6?
2
Let a = -21 + 57. Calculate the remainder when a is divided by 21.
15
Suppose 3*y - 7 - 38 = 0. What is the remainder when 29 is divided by y?
14
Calculate the remainder when 56 - (-2 + (-3 - -4)) is divided by 10.
7
Suppose s + 0*s + 4 = 0. Let h(x) = 2*x**2 - 2*x - 2. Calculate the remainder when h(s) is divided by 13.
12
Suppose 18 = 2*l + 3*n, -5*n - 8 = -3*l - 0*n. Suppose 0*t + l = 3*i - 5*t, 0 = i + 2*t - 13. Calculate the remainder when 19 is divided by i.
5
Let o = -26 + 58. Calculate the remainder when 94 is divided by o.
30
Suppose 13 = 3*u - 35. Calculate the remainder when (-4)/16 - (-117)/4 is divided by u.
13
Let g(v) = v**3 - 4*v**2 - 5*v + 26. Calculate the remainder when g(6) is divided by 14.
12
Suppose 179 = 5*w + b, 4*b + 36 = w - 4. Let m = -27 + w. Let c = 10 + -7. What is the remainder when m is divided by c?
0
Let v be (4/3)/(6/(-27)). Let t = 63 + -24. Let h = v + t. Calculate the remainder when h is divided by 17.
16
Let o = -9 - -13. Calculate the remainder when o is divided by 2.
0
Suppose 3*o - i = -2*o + 43, -4*i - 28 = -4*o. Calculate the remainder when o is divided by 2.
1
Let c = -44 - -51. Let v(g) = -g**2 - 8*g - 2. Calculate the remainder when v(-3) is divided by c.
6
Let v(p) = 4*p - 58. Calculate the remainder when 59 is divided by v(17).
9
Let w = 1 + 3. Let h = w + 7. Calculate the remainder when 32 is divided by h.
10
Let j be (2 - 3)/(1/(-3)). What is the remainder when 41 is divided by 6 + j + 4/2?
8
Let s(x) be the first derivative of x**3/3 + 6*x**2 - 15*x - 2. What is the remainder when s(-15) is divided by 11?
8
Let b = -38 - -84. What is the remainder when 84 is divided by b?
38
Suppose d + 5 - 17 = 0. What is the remainder when 21 is divided by d?
9
Suppose -40 = c - 3*c. What is the remainder when 77 is divided by c?
17
Let j = -23 + 14. Let c = j + 15. Calculate the remainder when 17 is divided by c.
5
Suppose 2*t + 294 + 123 = 5*s, 0 = -2*s - 3*t + 182. Suppose 60 = 5*i - s. Let x = 6 - -10. What is the remainder when i is divided by x?
13
Let h(y) = -y**3 + 11*y**2 + 15*y + 10. What is the remainder when 136 is divided by h(12)?
44
Calculate the remainder when 195/15 - (2 + -4) is divided by (8/10)/(4/30).
3
Suppose 56 = h + 6*m - 3*m, h - 2*m - 41 = 0. Suppose 0 = 2*v - 4*r - 44, 4*r - 26 = -2*v + 2*r. Calculate the remainder when h is divided by v.
15
Let d(c) = c**2 + 6*c + 3. Let i(g) = -g**2 - 5*g - 2. Let u(a) = -3*d(a) - 2*i(a). Suppose j = -3*j + 20. What is the remainder when j is divided by u(-7)?
1
Let k(a) = -3*a + 1. Let d be k(-5). Let t = -10 + d. Calculate the remainder when (34/(-4))/((-2)/4) is divided by t.
5
Suppose t = 3*t + 4. Let z = t - -8. What is the remainder when 32/240 - (-148)/15 is divided by z?
4
Let b = 76 - 30. Suppose 2*i = 5*i - 213. Suppose -4*g + i = 7. What is the remainder when b is divided by g?
14
Let a(x) be the first derivative of -x**5/30 - 2*x**3/3 + 1. Let s(o) be the third derivative of a(o). Calculate the remainder when 35 is divided by s(-3).
11
What is the remainder when -3 - (-26 - 1/(-1)) is divided by 2?
0
Let n(b) be the third derivative of -b**4/4 + 19*b**3/6 + 7*b**2. Calculate the remainder when n(-9) is divided by 19.
16
Let p be 2/(2 - 0)*1. Let x(b) = 7*b - 3 + 3 + 1. Calculate the remainder when 14 is divided by x(p).
6
Let t = 6 + -2. Suppose 0 = -s - s + 32. Calculate the remainder when s is divided by (8/(-10))/(t/(-30)).
4
Suppose -5*b + 3*i = -876, 178 = b - 0*b - 2*i. What is the remainder when b is divided by 16?
14
Suppose -7*q - 670 = -12*q. Calculate the remainder when q is divided by 34.
32
Calculate the remainder when 6 is divided by (-6)/(-27) - (-68)/18.
2
Let v(h) = -2*h**3 - 5*h**2 - 2*h + 1. Let r be v(-3). Let m = r + -10. What is the remainder when 37/4 - 2/8 is divided by m?
3
Let a(k) = k**2 - 8*k - 13. Calculate the remainder when a(10) is divided by 3.
1
Let o(v) = v**3 + 3*v**2 - v + 2. Let j be o(-3). Suppose -290 = -j*f + 45. What is the remainder when f is divided by 23?
21
Let a(z) = 3*z + 12. Let p be (-4)/10 - (-22)/5. Let d(l) = 5*l + 23. Let w(r) = p*d(r) - 7*a(r). Calculate the remainder when w(-6) is divided by 8.
6
Suppose 0 = 3*d - w + 2*w - 28, -3*d + 5*w + 22 = 0. Let k = 17 - d. Suppose -13*u = -5*u - 24. Calculate the remainder when k is divided by u.
2
Let z = 64 + -37. What is the remainder when 107 is divided by z?
26
Suppose -a - 5*k = 29, a - 5*k - 41 = 5*a. Let s(z) = z**3 - 2*z**2 - z - 2. What is the remainder when 4*a/(-8) - -4 is divided by s(3)?
2
Let t = -44 + 111. What is the remainder when t is divided by 14?
11
Suppose -1 = -5*i + 144. Calculate the remainder when i is divided by 16.
13
Let c(k) = 2*k**2 + 8*k + 7. What is the remainder when c(-6) is divided by 11?
9
Let n(r) = -r**2 + 7*r - 3. Let g be n(5). Suppose -5*p = g*c - 2*c - 85, -2*p - 4 = 0. Calculate the remainder when 54 is divided by c.
16
Let l be (-2)/(-4) - 135/(-10). Suppose -l = -5*q + 11. What is the remainder when q is divided by 2?
1
Let o(k) = k**3 + 7*k**2 + 3*k - 6. What is the remainder when 34 is divided by o(-6)?
10
Let u(f) = -25*f. Let x be u(-1). Suppose 0 = -4*l + 4*i - 0*i + 52, 5*i + x = 0. Suppose 3*g - 28 = 65. Calculate the remainder when g is divided by l.
7
Suppose -b = -5*j + 134, 2*b + 86 = j + 2*j. What is the remainder when j + 0 - -2 - 2 is divided by ((-28)/(-3))/(-6 + (-140)/(-21))?
12
Let b(q) = -9*q - 6. Calculate the remainder when b(-6) is divided by (-3)/((-9)/51) + 0.
14
Let j = -6 + 39. Suppose 4*l - 23 - j = 0. Let a = 25 + 1. Calculate the remainder when a is divided by l.
12
What is the remainder when 55 is divided by 6*-1*391/(-138)?
4
What is the remainder when 12 is divided by 2/12 + (-212)/(-24)?
3
Suppose -10*h = -0*h - 420. Calculate the remainder when h is divided by 11.
9
Suppose -z = z - 22. Suppose 0 = i + i. Suppose i*l + 2*l = 12. What is the remainder when z is divided by l?
5
Let h(l) = -l**2 - 11*l + 81. Suppose 243 = 3*s - t, s - 85 = -3*t + 2*t. What is the remainder when s is divided by h(4)?
19
Let w(d) = -3*d - 21. Calculate the remainder when 141 is divided by w(-11).
9
Let a(c) = -c + 2. Let f be a(2). Suppose f*g = 3*g - 153. What